x = 5*p - x - 6. Give w(p).
5
Let q = 508 - 500. Let b(h) = 3 + 0*h - 11*h + h - 5 + q*h. Give b(-9).
16
Let k(m) = -m**3 - 13*m - 1. Let n(r) = 7*r**3 + 52*r**2 + 13*r + 55. Let s(t) = -5*k(t) - n(t). Determine s(-27).
4
Let a(m) = 6*m - 26. Let o(c) = 3*c - 8. Let k(s) = -a(s) + 3*o(s). Let f be (-1 + 2)*(-1 + 2). Calculate k(f).
5
Let h(g) = 4 + 2 - 7 - 6173*g - g**2 + 6171*g. Suppose -c - 25 = -5*b, 4*c = -b - 3 + 8. Suppose c = 6*j + 2 + 16. What is h(j)?
-4
Let m(r) be the first derivative of r**3/3 + 3*r**2 - 3*r + 4481. Let d = -19 - -11. Calculate m(d).
13
Suppose 5*l + 3*x + 3 = 0, 6 + 13 = -5*l + x. Let p(f) = -2*f - 11. Determine p(l).
-5
Let y(v) be the third derivative of 0*v + 0 + 0*v**3 - 5*v**2 - 1/120*v**6 - 1/15*v**5 - 1/8*v**4. Suppose -6 = a - q - 3*q, 0 = 5*a + 3*q + 7. Calculate y(a).
-2
Let u(o) = 13*o**2 - 25*o - 9. Let b(y) = 5*y**2 - 9*y - 3. Let c(s) = -8*b(s) + 3*u(s). Suppose 38 - 32 = -2*g. Give c(g).
-3
Suppose -3*h - 9 = -4*r - 0*h, -5*r = -4*h - 12. Suppose -2*z - 12 + 14 = r. Let n(d) = d - 1. Let p(w) = -9*w. Let q(s) = z*n(s) + p(s). Determine q(-2).
15
Let n(b) be the third derivative of -b**4/6 - 24*b**3 - 21*b**2 - 2*b + 24. Give n(-38).
8
Let s(d) = -2*d + 10. Suppose -4*v = -2*a + 4*a + 286, 4*v + 256 = 4*a. Let o = v + 78. Determine s(o).
-8
Let u be 9/((-1521)/(-26)) - (-72)/39. Let q(j) = -j**3 + 3*j - 4. Determine q(u).
-6
Suppose 82*h + 2179 = 293. Let n(p) = 2*p - 27. Give n(h).
-73
Let y(i) = i**3 - 21*i**2 + 20*i - 6. Suppose 14*o - 6338 = 1250. Let f = o + -522. Determine y(f).
-6
Let s(f) be the first derivative of -f**2/2 + 3*f - 6911. Let v = -4 + 13. Determine s(v).
-6
Let o(v) = -v**3 + 2*v**2 + 2*v - 4. Let j be 48105/405 + 4/18. Let w = j + -117. What is o(w)?
0
Let x(z) = -z**3 + 6*z**2 + z - 5. Suppose -44*i + 163 = -57. What is x(i)?
25
Suppose -46*m - 64 - 53 + 25 = 0. Let k(h) = h + 8. Give k(m).
6
Suppose -7 = 2*f - 1. Let s(u) = -u**2 + 4*u - 3. Let z be s(f). Let w = -28 - z. Let l(t) = 2*t**2 + 7*t + 6. Calculate l(w).
10
Let o(j) be the first derivative of -5*j**2/2 + 9*j - 10737. Determine o(5).
-16
Let v(c) = c - 1. Let w = 469 + -258. Let l = -218 + w. Determine v(l).
-8
Let k(w) = 13*w**3 - 30*w**2 + 3*w + 17. Let q(o) = 15*o**3 - 33*o**2 + 3*o + 16. Let b(j) = -8*k(j) + 7*q(j). Calculate b(-8).
64
Let m(b) = -b - 3. Let h = -270 + 273. Suppose q + 30 = 6*q - 2*j, 4*j = -h*q - 8. Calculate m(q).
-7
Let f be 12 - (20/(-5) - -13). Let r(x) be the first derivative of 22 - f*x - x**3 - 3/2*x**2 + 1/4*x**4. Give r(4).
1
Let o(g) = 39 - 37 - 5012*g + 4990*g. Give o(-1).
24
Let p(t) = -4*t**2 - 3*t + 3. Let q be (-444)/8 - 0 - 2/(-4). Let b = q + 52. Give p(b).
-24
Let b(g) be the third derivative of -g**4/24 + 49*g**3/6 + 40*g**2 + 3*g - 8. What is b(17)?
32
Let l = 2063 + -2063. Let x(u) be the third derivative of 0 + 14*u**2 + 1/8*u**4 + 0*u + l*u**3. Calculate x(-2).
-6
Let v(y) = y**3 - 5*y**2 - 147*y + 38. Let c be v(-10). Let d(z) = 3*z - 3*z**2 - 4 + 11*z**2 - 8 - z**3. Calculate d(c).
12
Suppose 0 = 15*d - 96 - 99. Let j(t) = -135*t - 1 + 69*t + d*t**2 - 2 - t**3 - 3 + 67*t. What is j(13)?
7
Let b(f) = 3*f**2 + 3*f - 6. Let w(p) = 5*p**2 + 6*p - 11. Let c(j) = -7*b(j) + 4*w(j). Suppose 8*v + 2050 = 770. Let g = v + 163. Give c(g).
-2
Let a(x) = 39233 + 38*x - 45*x - 39447. Give a(-31).
3
Let o(j) = 3*j + 4. Suppose 17*t = 14*t - 9. Let i be o(t). Let m(n) be the first derivative of -n**3/3 - 3*n**2 + 120. Give m(i).
5
Let w = 16526 - 16528. Let f(i) = -i**3 - i**2 - 4*i - 6. Calculate f(w).
6
Let k(n) = 29*n + 87 - 111 + n**2 - 3*n**2. Let y be k(14). Let i(o) = o**2 + 11*o. Determine i(y).
-10
Suppose 0 = 4*s - 13 - 63. Let q(i) = i - 12. Determine q(s).
7
Let b(z) = -z**2 + 28*z - 161. Let i(s) = 7*s**2 + 16*s - 15. Let q be i(1). Determine b(q).
-1
Let l(t) = -3*t - 1 - 4 + t**3 + 2*t - t**2. Let j(w) = w**2 + 33 - 14*w - 123 + 38 + 37. Let s be j(-1). Calculate l(s).
-5
Let m(g) = 0*g + g**2 - g - 2*g**2 + 0*g**2. Let z(k) = -k**2 + k + 1. Let a(o) = m(o) - 2*z(o). What is a(4)?
2
Let q(s) be the first derivative of -s**3/3 - 58*s + 2166. Determine q(0).
-58
Suppose -3*x - 2*p = -18, -2*p + 30 = 5*x - 4. Let m = -6 + x. Let c(r) = -2*r**2 + 3*r**2 - r**3 - 120*r - 2 + 123*r. What is c(m)?
0
Let w be -1*(-2)/14 - 3*(-40)/(-105). Let l(g) = -2*g - 10*g**2 + 283 - 284 - 15*g**2. Determine l(w).
-24
Let i be (-1 + -1)/2*0. Let d(r) = 11*r**3 + 40*r**2 - 28*r + 105. Let m(p) = 2*p**3 + 7*p**2 - 5*p + 18. Let n(t) = 3*d(t) - 17*m(t). What is n(i)?
9
Let c(j) = -2*j + 36. Let d be c(16). Suppose 5*a - 10*a + 5*k = 25, k + d = -2*a. Let i(y) = -2 - y + 3 - 2. What is i(a)?
2
Let r(n) be the first derivative of 5*n - n - 1 - 1 + n**2. Let a be -6 + 14 + 2 + -7 + -9. Give r(a).
-8
Let l(c) = -1. Let v(s) = -20*s**2 - s - 5. Let y(x) = 6*l(x) - v(x). Let b be 11/2 - (-5 - 44/(-8)). Suppose b*n + 278 = 283. Determine y(n).
20
Suppose -170*r - 304 = 1566. Let u(s) = s**3 - s - 1. Let b(l) = -4*l**3 + 12*l**2 + 15*l + 3. Let x(n) = -b(n) - 5*u(n). Determine x(r).
-9
Let g(z) = z**2 + 7*z - 7. Let o = -84 - -93. Let i be 29/(-3) + 6/o. Let n be i - (0 + (3 - 6)). Give g(n).
-13
Let r(m) = 11 + 41 - 20*m - 749*m**2 - 1 + 750*m**2. What is r(18)?
15
Let l(x) = -x**3 + 6627*x + 9 - 16*x**2 - 6627*x + 2. Determine l(-16).
11
Let i(u) be the first derivative of -2*u**3/3 - 7*u**2 - 3*u - 746. Calculate i(-5).
17
Let d(x) = -x**2 + 19*x - 68. Let p be d(13). Let u(o) = -26*o**2 - o + p*o**2 + 7*o**2 + 7*o**2. Give u(-3).
-15
Suppose -61 = 3*r + 23*z - 18*z, 0 = -2*r - 3*z - 41. Let o(d) = -d**2 - 13*d + 195. Give o(r).
-3
Let i be 3/15 - 145/(-25). Suppose -i*v - 7*v = 52. Let l(z) = -7*z**2 - 3*z + 1. Let t(x) = 10*x**2 + 5*x - 2. Let j(c) = 7*l(c) + 5*t(c). Determine j(v).
-3
Let z(w) = 3*w**2 - 40*w - 10. Let t(s) = s**2 + 9*s + 2. Let f(o) = 4*t(o) + z(o). Determine f(2).
18
Suppose 4*c - 36 = -q, -118*c - 4 = -120*c + 3*q. Let s(w) = 6*w - 45. Determine s(c).
3
Let m(v) = 1 - 1 - 811*v + 825*v. Let y(w) = -11*w + 1. Let p(r) = 4*m(r) + 5*y(r). Give p(-6).
-1
Let g(o) = -o**2 - 2*o - 2. Suppose 14*b + 14 = 98. Suppose -4*a + 18 = b. Suppose -n - 3*w + 3 = -1, -3*n + a*w - 12 = 0. Give g(n).
-2
Let j(o) = -o**3 + 13*o**2 - 13*o + 14. Suppose m = -7*s + 2*s - 79, -m = s + 91. Let f = 106 + m. Give j(f).
2
Let c(k) = -k + 5. Suppose 5*a + 19*v - 85 = 24*v, 5*v - 35 = -5*a. Suppose -67*f + 65*f = a. Calculate c(f).
11
Let c = -19979 - -19973. Let h(r) = r + 9. Let w be h(-5). Let g(o) = -w*o + 9 + 5*o - 3*o + 4*o. What is g(c)?
-3
Suppose 0 = -o - 2*o + 18. Suppose -o = -2*g, -8*i + 3*g = -4*i + 33. Let a(h) = -530*h + 273 - 529*h + 1058*h - 275. Calculate a(i).
4
Let h(s) = -s**2. Let q(n) = -17*n - 13. Let t be q(-1). Let c(r) = -5*r**2 + 6*r + 7. Let a(z) = t*h(z) - c(z). Give a(5).
-12
Suppose 360 = -3*z + 30. Let c = z - -111. Let h(x) be the second derivative of 3*x**5/20 + x**4/6 - x**3/6 - x. Determine h(c).
4
Let c(m) = 160*m + 5 - 622*m + 154*m + 164*m + 165*m. What is c(3)?
68
Let m(d) = -24*d - 2. Let x = 59 - 7. Suppose -6 = b + x*l - 47*l, -b + 3*l + 2 = 0. Determine m(b).
22
Let a(r) = 18*r**2 + 41*r + 33*r + 33*r - 121*r + 5 - 2*r. Calculate a(1).
7
Let g(c) = -11*c**2 + 72*c - 7. Let i(y) = 7*y**2 - 47*y + 5. Let m(q) = -5*g(q) - 8*i(q). Determine m(17).
-22
Let t(a) be the third derivative of 7/6*a**3 - 94*a**2 + 0*a - 1/30*a**5 + 0 + 1/8*a**4. What is t(5)?
-28
Let g(x) = 5*x**2 - 4*x - 4. Let w(n) = 4*n**2 - 4*n - 3. Let v(d) = -5*g(d) + 6*w(d). Suppose 111 = 3*k - 78. Let s = k - 68. Give v(s).
-3
Let n(k) = 46*k - 3. Let o(q) = q**3 + 8*q**2 - 103*q - 15. Let u be o(7). Calculate n(u).
-49
Let n(u) = -u + u**3 + 12*u - 2 + 91*u**2 - 98*u**2 - 4*u. Suppose -3*d + 5*z + 15 = -0*z, -4*d + 20 = z. Give n(d).
-17
Suppose 0 = 4*a + 43 - 167. Let o = a - 37. Let t(i) = -3*i - 7. Calculate t(o).
11
Let r(t) = 14*t + 44. Let o be r(-3). Let i(f) = 12*f + 4 + f**o + 3*f + 0*f. What is i(-15)?
4
Let a(n) = n**2 - 17*n + 67. Let k = -21420 + 21433. Determine a(k).
15
Let s(l) = 68722 + 4*l + 68648 - 137220. Determine s(-40).
-10
Suppose 3*g - 3*z - 21 = 0, 0 = -0*g - 4*g - 3*z + 21. Let q(k) be the third derivative of 7/24*k**4 - 1/60*k**5 + 0*k + 2 + 1/6*k**3 + 3*k**2. Gi